{"id":2267,"date":"2023-12-07T12:12:19","date_gmt":"2023-12-07T12:12:19","guid":{"rendered":"https:\/\/www.areaexclusiva.es\/?post_type=proyectos&#038;p=2267"},"modified":"2026-02-24T11:59:49","modified_gmt":"2026-02-24T11:59:49","slug":"casa-gran-via","status":"publish","type":"proyectos","link":"https:\/\/www.areaexclusiva.es\/en\/proyectos\/casa-gran-via\/","title":{"rendered":"Casa Gran V\u00eda"},"content":{"rendered":"\n<p>Rehabilitamos por completo este piso a trav\u00e9s de una reforma integral que comienza con la demolici\u00f3n de todas las estancias antiguas, nos encontramos una vivienda muy compartimentada, no transmite calidez, es opaca y no hace justicia a los metros que tiene.<\/p>\n\n\n\n<p>Para proporcionar una sensaci\u00f3n \u00f3ptica de mayor espacio prescindimos del pasillo y lo anexionamos a sal\u00f3n y cocina, reducimos el n\u00famero de habitaciones,<br>de 4 dormitorios la vivienda pasa a tener 2 en Suite.<\/p>\n\n\n\n<p>En la decoraci\u00f3n implementamos materiales nobles y de calidad.<\/p>\n\n\n\n<p>Optamos por un dise\u00f1o luminoso y elegante, con piezas sencillas que aportan un toque Chic, el resultado es una vivienda funcional con una est\u00e9tica fresca y refinada.<\/p>\n","protected":false},"excerpt":{"rendered":"<p>Rehabilitamos por completo este piso a trav\u00e9s de una reforma integral que comienza con la demolici\u00f3n de todas las estancias antiguas, nos encontramos una vivienda muy compartimentada, no transmite calidez, es opaca y no hace justicia a los metros que tiene. Para proporcionar una sensaci\u00f3n \u00f3ptica de mayor espacio prescindimos del pasillo y lo anexionamos [&hellip;]<\/p>\n","protected":false},"featured_media":2268,"template":"","meta":[],"class_list":["post-2267","proyectos","type-proyectos","status-publish","has-post-thumbnail","hentry"],"_links":{"self":[{"href":"https:\/\/www.areaexclusiva.es\/en\/wp-json\/wp\/v2\/proyectos\/2267","targetHints":{"allow":["GET"]}}],"collection":[{"href":"https:\/\/www.areaexclusiva.es\/en\/wp-json\/wp\/v2\/proyectos"}],"about":[{"href":"https:\/\/www.areaexclusiva.es\/en\/wp-json\/wp\/v2\/types\/proyectos"}],"wp:featuredmedia":[{"embeddable":true,"href":"https:\/\/www.areaexclusiva.es\/en\/wp-json\/wp\/v2\/media\/2268"}],"wp:attachment":[{"href":"https:\/\/www.areaexclusiva.es\/en\/wp-json\/wp\/v2\/media?parent=2267"}],"curies":[{"name":"wp","href":"https:\/\/api.w.org\/{rel}","templated":true}]}}

Casa Gran Vía

<p>Rehabilitamos por completo este piso a través de una reforma integral que comienza con la demolición de todas las estancias antiguas, nos encontramos una vivienda muy compartimentada, no transmite calidez, es opaca y no hace justicia a los metros que tiene.</p>



<p>Para proporcionar una sensación óptica de mayor espacio prescindimos del pasillo y lo anexionamos a salón y cocina, reducimos el número de habitaciones,<br>de 4 dormitorios la vivienda pasa a tener 2 en Suite.</p>



<p>En la decoración implementamos materiales nobles y de calidad.</p>



<p>Optamos por un diseño luminoso y elegante, con piezas sencillas que aportan un toque Chic, el resultado es una vivienda funcional con una estética fresca y refinada.</p>

<p>Rehabilitamos por completo este piso a través de una reforma integral que comienza con la demolición de todas las estancias antiguas, nos encontramos una vivienda muy compartimentada, no transmite calidez, es opaca y no hace justicia a los metros que tiene. Para proporcionar una sensación óptica de mayor espacio prescindimos del pasillo y lo anexionamos [&hellip;]</p>
