{"id":2228,"date":"2023-12-07T12:02:32","date_gmt":"2023-12-07T12:02:32","guid":{"rendered":"https:\/\/www.areaexclusiva.es\/?post_type=proyectos&#038;p=2228"},"modified":"2023-12-07T12:02:33","modified_gmt":"2023-12-07T12:02:33","slug":"casa-plaza-de-espana","status":"publish","type":"proyectos","link":"https:\/\/www.areaexclusiva.es\/en\/proyectos\/casa-plaza-de-espana\/","title":{"rendered":"Casa Plaza de Espa\u00f1a"},"content":{"rendered":"\n<p>En el emblem\u00e1tico rascacielos Torre de Madrid se encuentra Casa Plaza de Espa\u00f1a, una amplia vivienda de dos dormitorios y dos ba\u00f1os con unas espectaculares vistas.<\/p>\n\n\n\n<p>Recibimos el encargo de transformar los espacios actuales en espacios con car\u00e1cter, identidad y personalidad,<br>ya que, aunque la vivienda se encuentra reformada su dise\u00f1o es impersonal y no representa a su propietario.<br>Para ello dise\u00f1amos soluciones que pueden implementarse en la decoraci\u00f3n de la vivienda sin necesidad de realizar nuevas obras.<\/p>\n","protected":false},"excerpt":{"rendered":"<p>En el emblem\u00e1tico rascacielos Torre de Madrid se encuentra Casa Plaza de Espa\u00f1a, una amplia vivienda de dos dormitorios y dos ba\u00f1os con unas espectaculares vistas. Recibimos el encargo de transformar los espacios actuales en espacios con car\u00e1cter, identidad y personalidad,ya que, aunque la vivienda se encuentra reformada su dise\u00f1o es impersonal y no representa [&hellip;]<\/p>\n","protected":false},"featured_media":2229,"template":"","meta":[],"class_list":["post-2228","proyectos","type-proyectos","status-publish","has-post-thumbnail","hentry"],"_links":{"self":[{"href":"https:\/\/www.areaexclusiva.es\/en\/wp-json\/wp\/v2\/proyectos\/2228","targetHints":{"allow":["GET"]}}],"collection":[{"href":"https:\/\/www.areaexclusiva.es\/en\/wp-json\/wp\/v2\/proyectos"}],"about":[{"href":"https:\/\/www.areaexclusiva.es\/en\/wp-json\/wp\/v2\/types\/proyectos"}],"wp:featuredmedia":[{"embeddable":true,"href":"https:\/\/www.areaexclusiva.es\/en\/wp-json\/wp\/v2\/media\/2229"}],"wp:attachment":[{"href":"https:\/\/www.areaexclusiva.es\/en\/wp-json\/wp\/v2\/media?parent=2228"}],"curies":[{"name":"wp","href":"https:\/\/api.w.org\/{rel}","templated":true}]}}

Casa Plaza de España

<p>En el emblemático rascacielos Torre de Madrid se encuentra Casa Plaza de España, una amplia vivienda de dos dormitorios y dos baños con unas espectaculares vistas.</p>



<p>Recibimos el encargo de transformar los espacios actuales en espacios con carácter, identidad y personalidad,<br>ya que, aunque la vivienda se encuentra reformada su diseño es impersonal y no representa a su propietario.<br>Para ello diseñamos soluciones que pueden implementarse en la decoración de la vivienda sin necesidad de realizar nuevas obras.</p>

<p>En el emblemático rascacielos Torre de Madrid se encuentra Casa Plaza de España, una amplia vivienda de dos dormitorios y dos baños con unas espectaculares vistas. Recibimos el encargo de transformar los espacios actuales en espacios con carácter, identidad y personalidad,ya que, aunque la vivienda se encuentra reformada su diseño es impersonal y no representa [&hellip;]</p>
